-176)?
223
Let m be (-4)/28 + ((-10655)/(-7) - -1). Let y = m + -755. List the prime factors of y.
2, 3
Let p be (-2 - -6)*63/(-28). List the prime factors of ((-186)/p)/((-2)/(-81)*3).
3, 31
Suppose 233519 = -15*y + 803879. What are the prime factors of y?
2, 7, 97
Let p = 16027 + -11388. List the prime factors of p.
4639
Let q(x) = 2623*x**2 + 32*x + 33. Let w be q(-1). Let r = w - 1311. What are the prime factors of r?
13, 101
Let k(p) = -14*p + 3. Let o be k(-2). Suppose -21 = -3*q - 0*v + 2*v, o = 5*q - 2*v. Let u = q + 79. What are the prime factors of u?
2, 3, 7
Suppose 6*d - 64 = 44. Suppose -2*f + 2*x + 2*x = -4600, -5*f = -5*x - 11520. What are the prime factors of f/d - 6/(-135)*-5?
2
Suppose 298*z = 7097264 + 667397 + 2558953. List the prime factors of z.
7, 101
Let f = -6639 - -14918. List the prime factors of f.
17, 487
Let q(l) = 5*l - 17. Let m be q(4). Let i(p) = 2*p - 4*p**m + 6*p**3 - 2*p**2 - 11 - p**2 + 2. What are the prime factors of i(3)?
2, 3
Let z(y) = -5194*y - 2846. What are the prime factors of z(-7)?
2, 59, 71
Let q(w) = w**2 - 2*w - 30. Let f be q(-9). Let s = 89 - f. What are the prime factors of 4*(1035/s - 3)?
3, 5, 13
Let i = -10 - -6. Let o be (-1)/22 - (-777)/154. List the prime factors of 183*(i + o)/((-6)/(-4)).
2, 61
Let g be 15*(21/(-9) - -3). Let a be ((-5)/4)/(g/(-40)). Suppose -a*m + 3*b = -17, 4*b - 2 = 2. What are the prime factors of m?
2
Let m(x) be the second derivative of 43*x + 1/20*x**5 + x**4 + 2*x**2 - 2/3*x**3 + 0. List the prime factors of m(-11).
13
Suppose -46*k + 2*k = -333080. List the prime factors of k.
2, 5, 757
Let v be ((-5)/10)/((-2)/4). Let a = v + 6. Suppose 4*z - 735 = -a. List the prime factors of z.
2, 7, 13
Suppose 2*v + 4 - 82 = -4*j, 48 = 2*v - 2*j. Let z = 37 - v. Suppose z*l - 2*l = 378. What are the prime factors of l?
3, 7
Let u(m) = m**3 + 22*m**2 + 11*m - 15. Let t be u(-15). Suppose -a + 6*a - t = 0. List the prime factors of a.
3, 31
Let i = 12 - 10. Suppose -i*h = x + 3*x + 76, 5*h = 3*x + 70. Let z(k) = -k**2 - 26*k - 30. What are the prime factors of z(x)?
2, 3, 5
Let c(t) = t**2 - 9*t + 12. Let v be c(8). Suppose 0 = v*p + 2*p + 12. List the prime factors of (p/(-4))/((-6)/(-1740)).
5, 29
Suppose 16 = d + 2*k, -5*d + k - 3*k + 40 = 0. What are the prime factors of 2859/6 + (-3)/d?
2, 7, 17
Suppose 68 = -5*v + 2518. Let o be (-4)/34 + v/119. Suppose -2*y + 68 = 2*w, 4*y + y = -o*w + 166. List the prime factors of y.
2, 3, 5
Suppose 106 = 4*d + 2*n, -d - d - 3*n = -59. Let u be 1635/d + (-6)/(-10). Suppose i = -2*y + 16, 4*y - y = -5*i + u. List the prime factors of i.
2, 3
Let x = 691 + -500. Suppose -4*l + 4*d = -1372, 2*l - 5*l + 1025 = d. Let j = l - x. What are the prime factors of j?
151
Suppose -f = 4*c - 45040, -c - 41*f + 45*f = -11260. List the prime factors of c.
2, 5, 563
Suppose -17*s - 2*s = -467077. What are the prime factors of s?
13, 31, 61
Let n = -96 + 135. List the prime factors of 1/((n/(-174))/(-13)).
2, 29
Let x(r) = -200*r**3 - 26*r**2 - 42*r - 43. What are the prime factors of x(-7)?
67577
Suppose a + 45 = 3*d, 2*d + 37*a - 43 = 42*a. Suppose d*s + 3655 = 20231. What are the prime factors of s?
2, 37
Let z(w) = -8*w**2 - w + 8. Let i(v) = 7*v**2 - 8. Let c(u) = 4*i(u) + 3*z(u). Let s = 9 - 4. List the prime factors of c(s).
7, 11
Let z = 89 + -78. Suppose 0 = z*b - 2*b + 180. What are the prime factors of 45 - 2 - (-60)/b?
2, 5
Suppose 5*l = -4*j + 3139, -l - 4*j + 942 = 311. Suppose 9*o = -141 + l. What are the prime factors of o?
2, 3
Let a(j) = 3*j**3 + 116*j**2 + 92*j - 50. List the prime factors of a(-37).
3391
Suppose 5*t - 7*t + 18632 = 3*s, t + 3*s - 9313 = 0. What are the prime factors of t?
9319
Let u be (-2)/(-5)*10/2. Let c = -3724 + 3604. What are the prime factors of ((c/(-18))/5)/(u/216)?
2, 3
Suppose 53755 = 8*r + 787. List the prime factors of r.
3, 2207
Let s = 82 - 75. Suppose d - 2*v = -s*v - 62, -2*d = -4*v + 180. Let n = -58 - d. What are the prime factors of n?
2, 3
Suppose -216*p - 105*p + 1302414 = -1350972. What are the prime factors of p?
2, 4133
Let w(u) = -2*u**2 + 3*u - 3. Let z be w(7). Let l = z - -85. Suppose 0*v + 2*i = v - 85, l*v = 5*i + 420. What are the prime factors of v?
83
Let y = 19244 + 10135. List the prime factors of y.
3, 7, 1399
Let h(b) = -2630*b - 348. What are the prime factors of h(-16)?
2, 10433
Let b be 2933/6 - (-3)/18. Suppose 44*h = 41*h + b. List the prime factors of h.
163
Let n(g) = 16*g**3 + 2*g**2 - 15*g - 3. Let f be n(4). Let o = f + -601. List the prime factors of o.
2, 7
Suppose -4*q + 164 = -0*q. Suppose 0 = 4*u + w - 11, 4*u - q = 4*w + w. Suppose u*x + 2*p - 56 = 0, 5*p - 56 = -5*x + 4. What are the prime factors of x?
2
Suppose 5*b - 3*i = 241633, 5*b = i + 130586 + 111055. What are the prime factors of b?
31, 1559
What are the prime factors of -24 + 17 - (3 + (-392)/2)?
2, 3, 31
Suppose -41 = -2*x - 5*m, -5*x - 2*m + 58 = 8. Suppose -3*z - 1465 = -x*z. List the prime factors of z.
293
Let p(x) be the third derivative of x**6/120 + x**5/30 - x**4/6 + 9*x**2. Let h be p(-3). Suppose -5*b = -h*b - 54. What are the prime factors of b?
3
What are the prime factors of 11/(572/39) - (-93146)/8 - -2?
2, 3, 647
Let h be (-3)/(-7) + 114300/889. Let t(p) = -4*p**2 + p - 4. Let i be t(3). Let s = i + h. What are the prime factors of s?
2, 23
Let x(z) be the second derivative of 1/12*z**4 - 3*z + 4/3*z**3 + 0 + 14*z**2. What are the prime factors of x(-13)?
3, 31
Suppose -123*k + 32543 + 930796 = -1767507. List the prime factors of k.
2, 17, 653
Let u(z) = 8*z**2 + 91*z + 782. What are the prime factors of u(-35)?
13, 569
Suppose -57426 = -16*d + 15262. What are the prime factors of d?
7, 11, 59
Suppose -195264 = -23*j - 14622. What are the prime factors of j?
2, 3, 7, 11, 17
Let v(q) = 1779*q**3 - 15*q**2 + 25*q - 5. List the prime factors of v(2).
3, 7, 677
Let m be 2 - 2 - (2/2 - -8). Let p be ((-3)/m)/((-1)/(-6)). Suppose 0 = 8*q - p*q - 294. What are the prime factors of q?
7
Let z be (-2500 + -15)*(-6)/15. Suppose -17*m - 4*x + 508 = -15*m, -4*m = 3*x - z. What are the prime factors of m?
2, 5
Suppose -2*g + 13*w = 8*w - 83934, 0 = 2*g - 3*w - 83934. What are the prime factors of g?
3, 4663
Suppose 2*w + 3*t = 5 + 17, 0 = -5*w - 4*t + 41. Suppose -5*n + 457 = 4*p - w*p, -4*n + 2*p + 362 = 0. Let u = n + -83. What are the prime factors of u?
3
Let c(s) = 2*s**2 + 9*s - 14. Let t be c(9). Let u = t + 328. What are the prime factors of u?
557
Let z be 90256/120 + -1 - 2/15. List the prime factors of 18/117 - z/13*-5.
17
Let m = 24 + -25. List the prime factors of (m/3)/((-7)/7119).
3, 113
Let h = -21772 - -28777. List the prime factors of h.
3, 5, 467
Let v(g) = 115*g**2 + 92*g + 769. List the prime factors of v(-7).
2, 3, 5
Let r(a) = 288*a - 2. Let n be r(3). Suppose 2*m - 4*h - n = 0, 26*h - 28*h = m - 439. What are the prime factors of m?
3, 5, 29
Suppose -6*n + 8*n + g = -1917, -n + g = 957. List the prime factors of 8 - 13 - ((-2)/(-2) + n).
2, 7, 17
Suppose -5*a + 3*d = -124761, -33*a + d = -32*a - 24951. List the prime factors of a.
2, 3, 4159
Suppose 30*y - w + 62540 = 31*y, 0 = -y - 4*w + 62561. What are the prime factors of y?
62533
Let o = 19195 - 10310. List the prime factors of o.
5, 1777
Let u = 34612 + -24177. List the prime factors of u.
5, 2087
Let o = 33 - 170. List the prime factors of (8 - (-10 - -14))/((-1)/o).
2, 137
Let n = -12066 + 15171. List the prime factors of n.
3, 5, 23
Suppose -2270 = 7*j - 9*j. Suppose 4*n - 129 = j. What are the prime factors of n?
2, 79
Suppose -4*x + 156*r = 160*r - 162424, -x + 2*r = -40591. What are the prime factors of x?
11, 3691
Let o = 54 - -2. Let w = o + -42. Suppose -2*c + w = -4*z, 2*c + 4*z = 37 + 17. What are the prime factors of c?
17
Let h(u) = -8*u**3 + 17*u**2 - 42*u + 7. List the prime factors of h(-10).
13, 19, 41
List the prime factors of 15999 + ((-20)/((-720)/(-81)))/((-3)/(-8)).
3, 1777
Let f(r) = 6*r**2 + 198*r + 97. What are the prime factors of f(24)?
5, 11, 151
Suppose -4*r - 2*z + 422 = 0, -5*z - 60 = -r + 62. Suppose 0 = -3*u - 3*y + 801, -3*u + 689 = -2*y - r. What are the prime factors of u?
2, 7, 19
Suppose -10*m = -2654 - 1516. Let i = m + -134. List the prime factors of i.
283
Suppose -41